{"id":4964,"date":"2023-08-07T20:50:43","date_gmt":"2023-08-07T23:50:43","guid":{"rendered":"https:\/\/lstreinamentos.luizsantanadb.com\/loja\/programando-em-t-sql-turma-05\/"},"modified":"2026-04-10T04:28:29","modified_gmt":"2026-04-10T07:28:29","slug":"programando-em-t-sql-turma-05","status":"publish","type":"product","link":"https:\/\/lstreinamentos.luizsantanadb.com\/plataforma\/loja\/programando-em-t-sql-turma-05\/","title":{"rendered":"Programando em T-SQL &#8211; Turma 05 (Gravado)"},"content":{"rendered":"<p data-start=\"206\" data-end=\"505\">Domine o <strong data-start=\"386\" data-end=\"395\">T-SQL<\/strong>, a linguagem padr\u00e3o do SQL Server, criando consultas, joins, fun\u00e7\u00f5es e stored procedures em cen\u00e1rios reais. Um curso completo de<strong data-start=\"533\" data-end=\"564\">\u00a0programa\u00e7\u00e3o SQL<\/strong>, preparando voc\u00ea para atuar com seguran\u00e7a em projetos de dados <strong data-start=\"628\" data-end=\"654\">on-premises e em nuvem<\/strong>.<\/p>\n<p style=\"font-weight: 400;\"><strong>O que n\u00e3o realizaremos no treinamento:<\/strong><\/p>\n<ul style=\"font-weight: 400;\">\n<li>N\u00e3o resolveremos problemas de trabalho de nenhum participante.<\/li>\n<li>N\u00e3o mostraremos assuntos fora do conte\u00fado program\u00e1tico proposto no treinamento.<\/li>\n<li>N\u00e3o realizaremos o provisionamento com os participantes.<\/li>\n<li><strong>Emitimos NOTA FISCAL para treinamentos comprados pela plataforma.<\/strong><\/li>\n<\/ul>\n<p style=\"font-weight: 400;\"><strong>O que terei de benef\u00edcios:<\/strong><\/p>\n<ul style=\"font-weight: 400;\">\n<li>Treinamento baseado em viv\u00eancias de projetos reais.<\/li>\n<li>Networking<\/li>\n<li>Instrutores com bastante experi\u00eancia no mercado e em projetos de Big Data com grandes clientes. Todos s\u00e3o certificados Microsoft e com\u00a0experi\u00eancia em projetos com clientes nacionais e internacionais.<\/li>\n<li><strong><u>Portal com todos os conte\u00fados do treinamento \u2014 VITALICIO, ou seja, PARA SEMPRE.<\/u><\/strong><\/li>\n<li><strong><u>V\u00eddeos das aulas gravadas &#8211; Ao final de cada dia, disponibilizamos a aula gravada na plataforma<\/u><\/strong><\/li>\n<li>Slides<\/li>\n<li>PDFs<\/li>\n<li>Scripts<\/li>\n<li>Links de apoio<\/li>\n<li>Arquivos utilizados nos laborat\u00f3rios<\/li>\n<li>Certificado de participa\u00e7\u00e3o do treinamento.\u00a0O certificado \u00e9 validado digitalmente para evitar fraudes e poss\u00edveis copias.<\/li>\n<li>Canal de comunica\u00e7\u00e3o com os instrutores e demais alunos.<\/li>\n<li>Dicas de certifica\u00e7\u00e3o<\/li>\n<\/ul>\n<h1><b>Conte\u00fados\u00a0<\/b><\/h1>\n<ul>\n<li>SQL SERVER<\/li>\n<li>AZURE SQL DATABASE<\/li>\n<li>FERRAMENTAS\n<ul>\n<li>SQL SERVER MANAGEMENT STUDIO<\/li>\n<li>AZURE DATA STUDIO<\/li>\n<li>VISUAL STUDIO CODE<\/li>\n<li>DBEAVER<\/li>\n<\/ul>\n<\/li>\n<li>TIPOS DE DADOS DA LINGUAGEM SQL<\/li>\n<li>GRUPO DE COMANDOS SQL\n<ul>\n<li>DDL<\/li>\n<li>DML<\/li>\n<li>DQL<\/li>\n<li>DTL<\/li>\n<li>DCL<\/li>\n<\/ul>\n<\/li>\n<li>RESTRI\u00c7\u00d5ES DE DOM\u00cdNIO (CONSTRAINTS)<\/li>\n<li>DESENVOLVIMENTO DE CONSULTAS\n<ul>\n<li>WHERE<\/li>\n<li>ORDER BY<\/li>\n<li>CASE WHEN<\/li>\n<li>DISTINCT<\/li>\n<li>TOP<\/li>\n<li>LIKE, BETWEEN, IN, IS NULL, AND, OR, NOT<\/li>\n<li>OPERADORES MATEM\u00c1TICOS<\/li>\n<li>OPERADORES RELACIONAIS<\/li>\n<li>DECLARA\u00c7\u00c3O DE VARI\u00c1VEIS<\/li>\n<\/ul>\n<\/li>\n<li>OBJETOS TEMPOR\u00c1RIOS\n<ul>\n<li>TABELA TEMPOR\u00c1RIA<\/li>\n<li>TABELA DERIVADA<\/li>\n<li>CTE<\/li>\n<li>CL\u00c1USULA OUTPUT<\/li>\n<\/ul>\n<\/li>\n<li>SYNONYM E SEQUENCE<\/li>\n<li>JOINS\n<ul>\n<li>INNER<\/li>\n<li>LEFT<\/li>\n<li>RIGHT<\/li>\n<li>FULL<\/li>\n<li>CROSS<\/li>\n<li>SELF<\/li>\n<\/ul>\n<\/li>\n<li>FUN\u00c7\u00d5ES SQL\n<ul>\n<li>CONVERS\u00c3O<\/li>\n<li>TEXTO<\/li>\n<li>DATA<\/li>\n<li>TRATAMENTO DE NULOS<\/li>\n<li>AGREGA\u00c7\u00c3O<\/li>\n<\/ul>\n<\/li>\n<li>PROGRAMA\u00c7\u00c3O T-SQL AVAN\u00c7ADA\n<ul>\n<li>VIEWS<\/li>\n<li>PROCEDURES<\/li>\n<li>USER FUNCTIONS<\/li>\n<li>ESTRUTURAS DE REPETI\u00c7\u00c3O<\/li>\n<li>WHILE<\/li>\n<li>IF-ELSE<\/li>\n<li>TRATAMENTO DE ERROS<\/li>\n<\/ul>\n<\/li>\n<li>RESOLU\u00c7\u00c3O DE EXERC\u00cdCIOS<\/li>\n<\/ul>\n<div id=\"gtx-trans\" style=\"position: absolute; left: 1219px; top: 0px;\">\n<div class=\"gtx-trans-icon\"><\/div>\n<\/div>\n","protected":false},"excerpt":{"rendered":"<ul>\n<li><span class=\"OYPEnA text-decoration-none text-strikethrough-none\">Carga Hor\u00e1ria: 25 horas<\/span><\/li>\n<li><span class=\"OYPEnA text-decoration-none text-strikethrough-none\">Modalidade: GRAVADO (Conte\u00fado da TURMA 05)<\/span><\/li>\n<li>Certificado: SIM<\/li>\n<li>Nota Fiscal: SIM<\/li>\n<li><span class=\"OYPEnA text-decoration-none text-strikethrough-none\">Observa\u00e7\u00f5es<\/span>: Algumas telas e features podem sofrer altera\u00e7\u00e3o conforme atualiza\u00e7\u00e3o da ferramenta. <strong><span class=\"OYPEnA text-decoration-none text-strikethrough-none\">ATUALIZA\u00c7\u00d5ES DA TECNOLOGIA N\u00c3O S\u00c3O CONTEMPLADAS NO CONTE\u00daDO GRAVADO.<\/span><\/strong><\/li>\n<\/ul>\n","protected":false},"featured_media":8347,"comment_status":"open","ping_status":"closed","template":"","meta":[],"product_brand":[],"product_cat":[97],"product_tag":[],"class_list":{"0":"post-4964","1":"product","2":"type-product","3":"status-publish","4":"has-post-thumbnail","6":"product_cat-t-sql","8":"first","9":"instock","10":"sale","11":"virtual","12":"sold-individually","13":"purchasable","14":"product-type-simple"},"_links":{"self":[{"href":"https:\/\/lstreinamentos.luizsantanadb.com\/plataforma\/wp-json\/wp\/v2\/product\/4964","targetHints":{"allow":["GET"]}}],"collection":[{"href":"https:\/\/lstreinamentos.luizsantanadb.com\/plataforma\/wp-json\/wp\/v2\/product"}],"about":[{"href":"https:\/\/lstreinamentos.luizsantanadb.com\/plataforma\/wp-json\/wp\/v2\/types\/product"}],"replies":[{"embeddable":true,"href":"https:\/\/lstreinamentos.luizsantanadb.com\/plataforma\/wp-json\/wp\/v2\/comments?post=4964"}],"version-history":[{"count":5,"href":"https:\/\/lstreinamentos.luizsantanadb.com\/plataforma\/wp-json\/wp\/v2\/product\/4964\/revisions"}],"predecessor-version":[{"id":10589,"href":"https:\/\/lstreinamentos.luizsantanadb.com\/plataforma\/wp-json\/wp\/v2\/product\/4964\/revisions\/10589"}],"wp:featuredmedia":[{"embeddable":true,"href":"https:\/\/lstreinamentos.luizsantanadb.com\/plataforma\/wp-json\/wp\/v2\/media\/8347"}],"wp:attachment":[{"href":"https:\/\/lstreinamentos.luizsantanadb.com\/plataforma\/wp-json\/wp\/v2\/media?parent=4964"}],"wp:term":[{"taxonomy":"product_brand","embeddable":true,"href":"https:\/\/lstreinamentos.luizsantanadb.com\/plataforma\/wp-json\/wp\/v2\/product_brand?post=4964"},{"taxonomy":"product_cat","embeddable":true,"href":"https:\/\/lstreinamentos.luizsantanadb.com\/plataforma\/wp-json\/wp\/v2\/product_cat?post=4964"},{"taxonomy":"product_tag","embeddable":true,"href":"https:\/\/lstreinamentos.luizsantanadb.com\/plataforma\/wp-json\/wp\/v2\/product_tag?post=4964"}],"curies":[{"name":"wp","href":"https:\/\/api.w.org\/{rel}","templated":true}]}}